-13*y**2 - 12*y + 75. Let q(g) = -5*n(g) - 6*p(g). Let c be q(3). Let h(o) = -4*o - 31. Give h(c).
-7
Suppose -3 = m - 2*r - 1, 0 = -2*m - r + 6. Suppose -n - 9 = -4*x, x + 0*n + m*n = 0. Let p(s) = -x - 4 + 4 + 2*s. Give p(-4).
-10
Let i(l) = -4*l - 2 + 4*l**2 + 11*l**2 + 3 + 3*l. Let q be 9/(-20 - (-406)/14). What is i(q)?
15
Let j(v) = -v**2 + 159*v - 169*v - 28 - 2*v**2 - v**2 + 18. Calculate j(-2).
-6
Let v(n) = -3*n + 2. Let i be 0*(88/56)/11. Suppose -22*y + 29 - 73 = i. Calculate v(y).
8
Let b be 23/4 - (2 - 110/88). Let c(o) be the second derivative of o**5/20 - o**4/2 + o**3/3 + o**2/2 + 2*o. Give c(b).
-14
Let n(r) = 10*r + 52. Let a(t) = -5*t - 21. Let l(x) = 5*a(x) + 2*n(x). Let s be -13 + 15 - -2*(-3)/2. Give l(s).
4
Let h(z) be the third derivative of -z**7/840 - z**6/45 + z**5/120 + 5*z**4/24 + 5*z**3/2 + 7*z**2. Let v(n) be the first derivative of h(n). Determine v(-8).
-3
Let z(l) = -172543 - 20*l**2 - 12*l**2 + l**3 - 34*l + 172589. What is z(33)?
13
Suppose -18 = -2*q + 4*k, -32*q + 27*q - k = -23. Let h(n) = -n**2 + 3*n + 1. Calculate h(q).
-9
Let v(i) = -i**2 - 10*i + 4. Let o = -108 + 502. Let k = 383 - o. What is v(k)?
-7
Suppose -u - 4*u + 6 = g, 5*u - 5*g = 30. Let f be (0/u)/(-2*(-3)/(-6)). Let c(n) = 2*n - 1 - 5*n + f - 3*n**2. What is c(-2)?
-7
Let g(v) be the second derivative of v**3/6 - 10*v**2 + 3928*v. Determine g(9).
-11
Let p(j) = -j**3 + 3*j - 48. Let k be p(0). Let z be 2 + 9/(54/k). Let x(l) = 5*l**3 - l**3 - 3*l**3 + 8*l + 7*l**2 - 2. What is x(z)?
-14
Let f(h) = -2*h**3 - 8*h**2 + 2*h + 3. Let r(g) = g**2 - 7*g - 12. Let m be r(8). Let b be f(m). Let j(o) = o**3 + 4*o**2 - 7*o - 4. Calculate j(b).
6
Let g(d) = -13*d + 100. Let m be g(7). Let k(f) = -f + m*f - 7*f + 22*f**2. Determine k(1).
23
Let p(t) = 11*t**3 + 33*t**2 - 9*t - 16. Let u(s) = 5*s**3 + 16*s**2 - 5*s - 7. Let c be (7 - 3) + 4/(12/27). Let g(n) = c*u(n) - 6*p(n). Calculate g(9).
-13
Let u(n) be the second derivative of n**4/12 + 13*n**3/6 - n**2 + 1189*n. Give u(-14).
12
Let l(z) = z**3 + 2*z**2 - 5*z - 2. Suppose -23*i = -149 - 58. Suppose -i*h = -18*h - 27. Give l(h).
4
Let k(x) = -x**3 - 11*x**2 + 11*x - 6. Suppose -3*i - 30 = -8*i - a, 2*i - a = 5. Suppose -10*y + 7*y - 36 = 5*r, 5*y = i*r - 60. Calculate k(y).
6
Suppose -3*v - 102 = -13*i + 16*i, -v - 134 = 5*i. Let x(m) = m**2 + 32*m + 174. Give x(i).
-1
Let k(t) be the first derivative of -t**2 - 11*t + 253. What is k(9)?
-29
Let y(m) be the third derivative of -m**5/10 + m**4/24 + 14*m**2. Suppose 4*v = -64 - 92. Let g be (-60)/52 + (-6)/v. Give y(g).
-7
Suppose 3*u + 7 + 2 = -2*x, 2*x + 5*u = -19. Let n(h) = -4*h + 23 + 0*h + x*h. What is n(0)?
23
Let o(t) = -5*t**2 + 7. Let n(s) = -4*s**2 + s + 6. Let a(m) = -6*n(m) + 5*o(m). Let p(h) = 3*h - 27. Let q be p(7). Calculate a(q).
-1
Let b be (14 - 7 - 13) + 8. Let w(x) = b*x**2 + 607*x - x**2 - 615*x - 2. Give w(8).
-2
Let h(n) = n**2 + 47*n + 211. Let w be h(-42). Let v(z) = 9*z**2 + 3*z + 1. Let p(u) = 12*u**2 + 4*u + 1. Let b(j) = -5*p(j) + 6*v(j). What is b(w)?
-7
Suppose -4*y + 2*u = 10, 4*u = -5*y - 7 - 25. Let i be y/(-1) - 0/24. Let k(l) = 4*l - 4. Calculate k(i).
12
Suppose 9*j = 13*j + 12. Let k be j - (-4 + 0 - -1). Let y(n) = 4 - 4*n - 1 + 3*n - 7. Calculate y(k).
-4
Let m(a) = 7*a - 5. Suppose 16*x = 113 + 31. Let y be 42/(-11) - (x - (-194)/(-22)). Calculate m(y).
-33
Suppose -3*s + 4 = -5*s. Let h(k) = k + 1. Let d(y) = 11*y - 6. Let w(u) = s*h(u) - d(u). Let z(v) = -6*v + 2. Let m(a) = 3*w(a) - 7*z(a). Give m(4).
10
Suppose 24*p - 61*p = -259. Let b(c) = -3*c + 15. Calculate b(p).
-6
Let g be (-406)/10 + (-15)/(-25). Let q = 60 + g. Let m(w) = -w - w - q + 23. Calculate m(3).
-3
Let p(k) = 7*k + 199. Let a(m) = -7*m - 149. Let w(r) = -4*a(r) - 3*p(r). Let q(v) = 2*v**3 - v**2. Let c be q(1). Determine w(c).
6
Suppose -m + 18 = -4. Suppose 10*z - 28 = m. Let b(p) = -4*p - p + 1 - 5*p**2 + p**2 + 5*p**2. Give b(z).
1
Let h(x) = x**3 - 5*x**2 + 4*x - 3. Let w(z) = z + 6. Let q be w(-4). Let p be (-5 - (-75)/9)/(q/3). Suppose -13*i + p*i + 24 = 0. What is h(i)?
-9
Let i(y) be the first derivative of y**5/20 - 5*y**4/6 - 7*y**3/3 - 15*y**2/2 + 22*y + 147. Let z(r) be the first derivative of i(r). Determine z(11).
-48
Let h(q) = 2*q**3 - 2*q**2 + 2. Suppose 4*m + 12 = -8*m. Let o be (-2)/m + (-3 - -5). Let l be -1*(o/(4/2) - 4). Give h(l).
10
Let w(v) = 3*v + 17. Let s(r) = -1. Let z(a) = 2*a + 12. Let h(c) = -2*s(c) + z(c). Let t(u) = 4*h(u) - 3*w(u). Determine t(3).
2
Let y(a) = 8*a - 10. Let l(f) = 2*f + 1. Let g(u) = 5*l(u) - y(u). Calculate g(-11).
-7
Let m(f) = -3*f**3 + f**2 + f - 2. Let u = -424 - -246. Let a = 180 + u. Determine m(a).
-20
Let n(m) = -2 - 5*m - 1 + 6 - 9. Suppose -5*x + 32 = 3*l + 20, 0 = -3*l + 6*x - 21. Calculate n(l).
-1
Let g(i) = i**2 + 10*i + 4. Let y be 20/12 - 70/15 - -6. Suppose -112 = 11*k + y*k. Give g(k).
-12
Let r(d) = d**3 - 72*d**2 - 2*d + 141. Let p(u) = 2*u**3 - 44*u**2 - 144*u - 78. Let f be p(25). Determine r(f).
-3
Let r(q) = -3 + 1 - 5 + q**2 - 19*q - 11 - 4*q**2. Let i(z) = -z**2 - 7*z - 6. Let o(b) = 11*i(b) - 4*r(b). Calculate o(3).
12
Let u(z) = -14*z**2 - 20*z - 6. Let d = 52 - 63. Let y(x) = -5*x**2 - 7*x - 2. Let j(s) = d*y(s) + 4*u(s). Let g(l) = l - 6. Let m be g(3). Give j(m).
-2
Let y(u) = -u**3 + 8*u**2 - 7*u + 7. Let n(q) = q**3 - 23*q**2 + 23*q - 4. Let a be n(22). Let r be (189/a)/(3/2). What is y(r)?
7
Let a(u) = -u**3 - 2*u**2 + 49*u - 11. Let s = -8206 + 8212. Give a(s).
-5
Let x(i) = -i**2 + 11*i + 19. Suppose 287 = -5*z - 3*h + 337, 2*h = -2*z + 16. What is x(z)?
-7
Let t be ((-144)/192)/((-6)/5272). Let c = t + -660. Let l(x) = 8*x + 3. Determine l(c).
-5
Let o(v) = -2*v. Let j be o(-3). Let i(d) = 7 - 4 + 2*d**2 - j*d - d**2. Let p = 37855 - 37848. Determine i(p).
10
Let p(u) = 26*u + 66. Let g(w) = -21*w - 63. Let q(f) = 4*g(f) + 3*p(f). Determine q(-8).
-6
Let f be 1*((-18)/(-5)*5 + 4). Let r(i) = -i**3 + 21*i**2 + 23*i + 1. What is r(f)?
23
Let n be 216/1944*(-6)/(-4). Let s(m) be the third derivative of 1/120*m**6 + 0 - 1/24*m**4 + 1/12*m**5 - n*m**3 - 23*m**2 + 0*m. Give s(-5).
4
Suppose 14*s = 9*s + 75. Let w be (-12)/2*(-4 + 55/s). Let x(u) = 6 + 0*u**2 - u**3 + u**w - 2*u**2 - 6*u - 8*u**2. Calculate x(-8).
-10
Let x(d) = 7*d**2 + 15*d - 4 + 28 + 4*d**2 - 12*d**2 - 2. What is x(16)?
6
Let k(v) = -2*v - 5. Suppose 4*c = 8*c - 3*c. Suppose c = -2*x - 5*u + 2*u - 23, 2*u + 10 = 0. Determine k(x).
3
Let u(r) = 45*r - 1. Let x(o) = 117*o - 2. Let z(h) = -5*u(h) + 2*x(h). Let a be 3/2*4/(-6). Calculate z(a).
-8
Let j(d) be the first derivative of 0*d**2 - 2*d**3 - 1/4*d**4 + 7*d - 29. Give j(-6).
7
Let n(b) = 3*b**2 + 5*b - 4. Let s(t) = 2*t**2 + 22*t + 53. Suppose 0 = f - r, 4*f + 3*r - 4 = 8*f. Let c be s(f). Give n(c).
8
Let a(b) be the second derivative of 2*b**3/3 - b. Let p be 2/(-13) - (2140/(-52) + -9). Let s be 42/20 + p/(-500). Calculate a(s).
8
Let q(o) = 3*o**2 - 6*o - 3. Suppose 3*s + 5*l = 10, 162*l - 161*l = 4*s - 21. Calculate q(s).
42
Suppose 39 = 2*s - 3*z, 30 + 1 = 3*s + z. Suppose 15*r - s = 3*r. Let h(i) = -3*i**3 - 1 + 2*i**3 + 2*i + 7*i**3 + 0*i**3. Determine h(r).
7
Let c(r) = 7*r + 194. Let y = -7929 - -7899. Calculate c(y).
-16
Let g be ((-36)/(-5))/(0 + (-6)/105). Let q = 121 + g. Let d(o) = o + 3. What is d(q)?
-2
Let y(j) = 3*j**2 + 0*j**2 - 43 - 4*j + 41. Let c(x) = x**2 - x - 1. Let n(q) = 2*c(q) - y(q). Suppose -4*p - 14 = -5*f, 0 = -0*f - 2*f - p + 3. Give n(f).
0
Suppose 8*u = -2*u + 350. Suppose 0 = -2*i - 2*o + 14, 0 = -3*i - 4*o - 11 + u. Let x(k) = k**2 - 5*k + 1. Determine x(i).
-3
Let o(s) = -128 + 14*s + 86*s**2 - s**3 + 90 - 76*s**2. What is o(11)?
-5
Let t(i) = i**3 - 6*i**2 - 27*i + 86. Let w = 9355 - 9347. Determine t(w).
-2
Let i(b) = -111*b + 62*b - 96 + 55*b. Determine i(18).
12
Let j(p) be the first derivative of -p**3/3 + p**2/2 - 5*p - 29701. Suppose -2*v + 5*o = -10, -4 - 6 = -3*v + 5*o. Suppose -3*x = -v*x. What is j(x)?
-5
Let n(a) = a**3 + 0*a - 3*a + 2*a**2 - a**2 + 4*a - 1. Let g(p) = 2*p**3 - 7. Let y(l) = -8*l - 244. Let x be y(-31). Let j(q) = x*n(q) - g(q). Give j(-2).
-5
Let k(y) = -y**2 + 2*y - 2. Let o be k(2). Let b(a) be the third derivative of 1/60*a**5 - 18*a**2 + 0 + 1/3*a**3 + 1/